3/6 + 3*g**2/2 - 5. Let v(q) be the second derivative of a(q). Calculate v(2).
-7
Let w(t) = -t**2 - t. Let g(m) = -2*m**2 - 4*m + 9. Let d(i) = 5*i**2 + 11*i - 26. Let x(y) = 6*d(y) + 17*g(y). Let p(u) = 5*w(u) - x(u). Determine p(-4).
-1
Let f(k) = 1 + k**2 - 9*k + 3*k + 3. Suppose -3*b + 39 = 4*c, 0 = 3*c + 3*b - 50 + 17. Suppose -c*q + 7*q - 5 = 0. What is f(q)?
-1
Let f(q) = -3*q**2 + q - 1. Suppose -4 + 28 = -2*l. Let x = l + 21. Let m be 1/3 - (-6)/x. What is f(m)?
-3
Let v(t) = -5*t + 1. Let q be 56/(-21) + (-5)/(-3). Determine v(q).
6
Suppose -8*n = 15 + 9. Let k(z) = 3 - 5*z**2 - z + 4*z**2 + z**3 + 2*z**2. Determine k(n).
-12
Let b(k) be the third derivative of -k**6/120 - k**5/10 + 7*k**4/24 + k**3/2 + k**2 + 49. Give b(-7).
3
Suppose -8 = -3*h - 56. Let v = -11 - h. Let u(p) be the third derivative of p**5/60 - p**4/4 + p**3/6 + 2*p**2. What is u(v)?
-4
Let n(h) = 12*h**3 + h**2. Suppose 3*l + r = -0*r - 1, 3*r = 4*l + 10. Let a(k) = -k. Let m be a(l). Determine n(m).
13
Let k(n) = -n**3 - 7*n**2 - 8*n + 1. Suppose 7 = -5*t - 23. Give k(t).
13
Let j(w) = -63*w - 68*w + 137*w - w**2 - 2. Suppose 3*n - 3*o - 6 = n, 10 = 2*n - o. Calculate j(n).
-2
Suppose 21 = 4*o + 1. Suppose -o*b + b = 4*a, 2*a - 10 = -4*b. Let m(i) = 2*i**2 - 2*i**2 - 9 + 2 + i - i**3 + b*i**2. Determine m(5).
-2
Suppose n = -f + 3*f - 9, -n = 4*f - 9. Let i(h) = -h**2 - 2*h. Determine i(f).
-15
Let h(c) = -c**3 + 8*c**2 + 9*c - 3. Let w be (0*(-2)/6)/2. Suppose -s + 2*l + 17 = w, -s - 4*l - 25 = -2*s. Let r be h(s). Let v(q) = -q + 1. Determine v(r).
4
Suppose -v - 1 = -2*g + 5, g - 1 = v. Let p = g + -8. Let s(y) = -3*y - 3. Give s(p).
6
Let s = -6 - -2. Let q(x) = 2*x**3 - 6*x - 5*x**2 + 3*x + 5 - 3*x**3 + 0*x. Calculate q(s).
1
Let m(z) = -5*z**2 + 3*z - 3. Suppose 3*s - 4 - 2 = 0. Give m(s).
-17
Let c(g) = 294*g**2 + 48. Let l(d) = 31*d**2 + 5. Let o(a) = 5*c(a) - 48*l(a). What is o(-1)?
-18
Suppose i + 10 = 6*i. Let c(o) be the first derivative of -o - 5 - 1/3*o**3 + 1/4*o**4 - o**2. What is c(i)?
-1
Let p(h) = -h**2 + h - 1. Let b(m) = 3*m**2 + 10. Let d(l) = -b(l) - 6*p(l). Let n(u) = u**2 - u. Let i(y) = -d(y) + 2*n(y). What is i(4)?
4
Let w = 4 - 4. Let x(b) = w*b + 5*b - b**2 + 2*b + b. Give x(6).
12
Let r(w) = w**3 - 6*w**2 - 6*w - 8. Let p be r(7). Let i(b) = b. Let n(s) = -s**2 - s + 7. Let a(k) = p*n(k) - 4*i(k). Suppose -2*t + 6 = -4. What is a(t)?
3
Let l(g) be the second derivative of 11*g**4/12 + g**2/2 - 26*g. What is l(1)?
12
Let b(a) = 3*a**2 + a + 5. Let l(g) = -2*g**2 - g - 4. Let d(s) = -3*b(s) - 4*l(s). Let k be 8/(-20) - 17/(-5). Suppose 3*c = 2*c + k. Give d(c).
-5
Let n(x) be the third derivative of -x**4/24 - 7*x**3/6 + x**2. Let j be 12/14*(6 + 1). Suppose -12*v + j = -13*v. Give n(v).
-1
Let b(h) = -2 + 6 - h + 3 + 3. Give b(5).
5
Let d(q) = q + 6. Let y(z) = -3*z**3 + 2*z**2 + 18*z - 15. Let c(s) = s**3 - s**2 - 6*s + 5. Let i(x) = 17*c(x) + 6*y(x). Let m be i(-6). Determine d(m).
1
Let w = 10 - 8. Let r(b) = 45 - b**3 + 7*b**2 - 3*b**w - b - 45. Give r(3).
6
Let b(d) = d**3 - 5*d**2 + 5*d + 3. Let z be -1 + 3 - (0 + -6). Suppose -5*i = -3*i - z. Calculate b(i).
7
Suppose 3*k + 11 = -1, b + k - 1 = 0. Let v(d) = -2 + 3*d**2 + 0 + b - 3*d + d**3. What is v(-4)?
-1
Let v(l) be the second derivative of l**4/6 - l**3 - 8*l. Calculate v(4).
8
Let c(m) = -m - 3. Suppose -4*u = -4*l + 88, -2*u = 7 - 1. Let n = l - 22. Give c(n).
0
Let g(o) = -o**3 - 3*o**2 - 3*o. Let y be g(-3). Let z = y - 6. Let p(q) = 0*q**2 - 2*q**2 - 2 + q + z*q**2 + 5. What is p(0)?
3
Suppose -5*y + 17 + 18 = 0. Let r(m) = m + 3. Let f(v) = -4*v - 10. Let u(a) = y*r(a) + 2*f(a). Give u(2).
-1
Let j(t) = -4*t**2 + 6. Let v(m) = 9*m**2 - 14. Let p(g) = -7*j(g) - 3*v(g). Let f(y) = y - 8. Let w be f(0). Let x be 2/w + (-2)/(-8). What is p(x)?
0
Let p(o) = -3*o**3 - 2*o**2 + o + 1. Let r(f) = -f**3 + f**2 + f. Let i(t) = -p(t) + 2*r(t). Determine i(-3).
5
Let k(m) be the second derivative of -m**7/2520 - m**6/360 + 5*m**4/12 + 3*m. Let q(z) be the third derivative of k(z). Let c = 6 + -4. Give q(c).
-8
Let k(l) = -l**3 + 4*l**2 + l - 5. Suppose -2*x = -x - 4. Determine k(x).
-1
Let r(f) = -2*f - 1. Let n be 1*(0/(-3) + -2). Calculate r(n).
3
Let j(y) = -5*y - 9. Let g(s) = 5*s + 5. Let l(k) = 21*k + 20. Let a(d) = 9*g(d) - 2*l(d). Let m(i) = -7*a(i) - 4*j(i). Determine m(-2).
3
Let m = 1 - 7. Let i(c) = -c**3 - 5*c**2 + 7*c - 4. Give i(m).
-10
Let i(t) = -2 + 0*t - t - 5*t**2 - 2*t. Let d(n) = 6*n**2 + 4*n + 1. Let o(m) = -4*d(m) - 5*i(m). Determine o(0).
6
Let i(a) = -5*a**2 - a + 3. Let x(u) = -u - 2. Let t be x(-4). Let b(d) = 1 - 2*d + d**2 + 0*d**t + d. Let j(y) = 4*b(y) + i(y). What is j(-6)?
1
Let v be -2 + 9/3 + 3. Let n = -7 + v. Let c(y) = -y**3 - 4*y**2 - 4*y - 3. Determine c(n).
0
Let s(m) = -10*m**3 - 2*m**2 + 1. Let v be -2*(-3)/(-6)*(-2 + 3). Calculate s(v).
9
Let y(z) = -4*z**2 - 7*z - 3. Let c(g) = -5*g**2 - 8*g - 4. Let t(q) = -3*c(q) + 4*y(q). Let n(o) = o**2 + 5*o + 1. Let a(h) = 4*n(h) + 3*t(h). What is a(-5)?
-11
Let n(y) = y + 6. Let b be -10*(-2)/(-4)*2. Let o be n(b). Let c(j) = -j**2 - 7*j - 5. Determine c(o).
7
Suppose -22*n + 24 = -25*n. Let m(k) = -k**3 - 8*k**2 - 2*k - 10. Calculate m(n).
6
Let u(t) be the second derivative of 5/2*t**2 - 5/6*t**3 + 9*t + 0 + 1/20*t**5 + 1/3*t**4. Determine u(-5).
5
Suppose 3*g - x = 11, -10 = 5*g + 6*x - 2*x. Let v(q) = -q**3 + 6*q**2 - 3*q. What is v(g)?
10
Let o(n) = -n**3 + 3*n**2 + 3. Let y(b) = 3*b**3 - 10*b**2 - 8. Let u(g) = 7*o(g) + 2*y(g). What is u(0)?
5
Suppose -2*o + 59 = 69. Let h(n) = n**3 + 4*n**2 - 6*n + 2. Calculate h(o).
7
Let j(f) = f**3 - 3*f**2 + f - 1. Suppose -2*u - k + 26 = -5*k, -u - 5*k = -20. Suppose t = -4*w + 6, -w - w + 12 = -4*t. Suppose -3*p = w*p - u. Give j(p).
2
Suppose -5*p = -p. Let u(r) = r**2 - r - 6. Determine u(p).
-6
Let u = -4 + 10. Let m(b) = 5*b + b**2 - 2 - b - u. Let f be m(-6). Let c(j) = j**2 - 5*j - 1. Determine c(f).
-5
Let t(o) = 11*o**2 + o + 10. Let u(h) = 4*h**2 + 3. Let i(r) = -2*t(r) + 7*u(r). Let v(y) = -y - 7. Let b be v(-7). Suppose b = 2*q + 3*q - 5. What is i(q)?
5
Let n = 3 - 0. Let z(t) = 2*t**n - 9*t**3 - 5 + 4. Suppose 2*g + 0 - 3 = 3*x, 5*g = 0. Calculate z(x).
6
Let w(j) = 20*j**3 + 2*j**2 + 4*j + 10. Let f(a) = 13*a**3 + a**2 + 3*a + 6. Let z(l) = 8*f(l) - 5*w(l). What is z(2)?
30
Let y(w) = -w - 1. Suppose -2*s + 3*s = 0. Let m be -1*(s + -1 + -3). What is y(m)?
-5
Let d(q) = 5*q**2 + 9*q + 5. Let b(w) = -9*w**2 - 17*w - 9. Let p(j) = -4*b(j) - 7*d(j). Give p(-6).
7
Let k(v) be the third derivative of v**5/30 - v**4/12 - v**3/3 - 8*v**2. Calculate k(-3).
22
Let f(u) be the first derivative of u**2/2 + 3*u + 1. Suppose -2*p + 3*p = -3. Let t be ((-9)/6)/p*-10. What is f(t)?
-2
Suppose 2*d = 3*d. Suppose -4*k + 4*c + 4 = 0, d = 5*k + 4*c - c - 37. Let t(p) = -p - 1. Let y(u) = -7*u + 1. Let s(b) = -6*t(b) + y(b). Calculate s(k).
2
Suppose -2*r + 25 = 3*r. Let t(n) = -n**3 + 5*n**2 - 4. Determine t(r).
-4
Let i = -264 + 269. Let r(g) = -2*g**2 - 6*g**2 + 7 + g**3 + 3*g**2. Calculate r(i).
7
Let w = -4 - -6. Suppose l + 3*y - 8*y + 11 = 0, 4*l - 10 = w*y. Let o(q) = -q**3 + 3*q**2 + 5*q + 2. Give o(l).
6
Suppose -3*l - 5*m + 19 + 14 = 0, -l = 3*m - 15. Let t(d) = -3*d**2 - 3 - d**2 - l*d + 10*d + 0*d. Calculate t(2).
-11
Let p(o) = -5*o**2 + 15*o + 14. Let h(k) = -3*k**2 + 10*k + 9. Let d(f) = -8*h(f) + 5*p(f). Calculate d(-5).
-2
Let g(f) = -f**2 + 8*f - 6. Let k be -37 + (1 - 1) + 1. Let u = k - -56. Suppose 4*b - u = -v, 4*v - 2*b + 0*b = 8. Determine g(v).
10
Let c(s) = s**2 + 15*s - 12. Let v be c(-16). Let q(d) = -d**3 + 5*d**2 - 5*d + 1. Give q(v).
-3
Let l(v) = -4*v + 3 - 8 - 1 + 4. Suppose 54 = 5*n - 4*t, 0 = -0*n + 5*n + 5*t - 45. Suppose -4*a = a + n. What is l(a)?
6
Let c(s) = -9*s + 1. Suppose -3 = 3*p - 6*p. Let q(j) = -j**2. Let a be q(p). Calculate c(a).
10
Let y(f) = f**3 + 4*f**2 - 4*f - 5. Let h(p) = 11*p - p**3 + 3*p**2 - 6*p - 7*p**2 + 6. Let d(i) = 2*h(i) + 3*y(i). Determine d(-4).
5
Suppose -28 + 10 = o. Let n be o/(-12) - 10/(-4). Let r(g) = -2 - 2*g + n + g + 3. Determine r(4).
1
Let m(a) = 2*a**3 - 2*a**2 + 2*a + 1. Let g(b) = -b - 10. Let f be g(-11). Let k be 3/f + 7 + -8. Calculate m(k).
13
Suppose -3*p - 2 